me factors of 182001?
3, 19, 31, 103
What are the prime factors of 5544948?
2, 3, 462079
List the prime factors of 543949.
7, 17, 653
What are the prime factors of 2137922?
2, 653, 1637
What are the prime factors of 4214787?
3, 113, 12433
What are the prime factors of 180932?
2, 45233
List the prime factors of 292191.
3, 97397
What are the prime factors of 2666676?
2, 3, 61, 3643
What are the prime factors of 2077856?
2, 11, 5903
List the prime factors of 1176587.
17, 67, 1033
What are the prime factors of 423051?
3, 83, 1699
List the prime factors of 3201811.
491, 6521
What are the prime factors of 4154042?
2, 2077021
What are the prime factors of 451649?
11, 19, 2161
List the prime factors of 3172464.
2, 3, 22031
List the prime factors of 1337401.
13, 102877
What are the prime factors of 108491?
23, 53, 89
List the prime factors of 624195.
3, 5, 11, 13, 97
What are the prime factors of 129432?
2, 3, 5393
List the prime factors of 985400.
2, 5, 13, 379
What are the prime factors of 16736055?
3, 5, 7, 19, 8389
What are the prime factors of 701029?
7, 17, 43, 137
What are the prime factors of 19395120?
2, 3, 5, 211, 383
List the prime factors of 116988.
2, 3, 9749
What are the prime factors of 16382040?
2, 3, 5, 211, 647
List the prime factors of 6418528.
2, 200579
List the prime factors of 1184518.
2, 37, 16007
List the prime factors of 23835083.
149, 347, 461
List the prime factors of 7777857.
3, 17, 8971
What are the prime factors of 23347?
37, 631
List the prime factors of 93592.
2, 11699
What are the prime factors of 472566?
2, 3, 17, 41, 113
List the prime factors of 6461333.
6461333
List the prime factors of 1995503.
23, 53, 1637
List the prime factors of 22456338.
2, 3, 31, 157, 769
What are the prime factors of 796230?
2, 3, 5, 983
List the prime factors of 721746.
2, 3, 101, 397
List the prime factors of 189078.
2, 3, 31513
What are the prime factors of 17391?
3, 11, 17, 31
What are the prime factors of 20233376?
2, 23, 37, 743
What are the prime factors of 1643218?
2, 61, 13469
List the prime factors of 962981.
131, 7351
What are the prime factors of 132344?
2, 71, 233
What are the prime factors of 1086755?
5, 217351
List the prime factors of 2281584.
2, 3, 47533
What are the prime factors of 4331563?
19, 227977
List the prime factors of 2618329.
7, 374047
What are the prime factors of 348824?
2, 7, 6229
List the prime factors of 8131401.
3, 457, 659
List the prime factors of 1192811.
1192811
List the prime factors of 868979.
173, 5023
What are the prime factors of 771770?
2, 5, 71, 1087
What are the prime factors of 4456594?
2, 607, 3671
List the prime factors of 488296.
2, 67, 911
What are the prime factors of 20393668?
2, 97, 52561
What are the prime factors of 4852463?
7, 11, 17, 337
List the prime factors of 12318456.
2, 3, 513269
What are the prime factors of 157557?
3, 29, 1811
List the prime factors of 5137303.
23, 223361
List the prime factors of 8675981.
43, 201767
What are the prime factors of 361370?
2, 5, 36137
What are the prime factors of 2138028?
2, 3, 178169
List the prime factors of 2204578.
2, 223, 4943
What are the prime factors of 239196?
2, 3, 31, 643
List the prime factors of 223339.
223339
What are the prime factors of 338599?
19, 71, 251
What are the prime factors of 514682?
2, 7, 97, 379
What are the prime factors of 6356379?
3, 773, 2741
List the prime factors of 348538.
2, 229, 761
List the prime factors of 2133111.
3, 19, 37423
What are the prime factors of 262505?
5, 52501
List the prime factors of 3000540.
2, 3, 5, 43, 1163
List the prime factors of 1377824.
2, 7, 6151
List the prime factors of 1998765.
3, 5, 44417
What are the prime factors of 38193?
3, 29, 439
What are the prime factors of 4122945?
3, 5, 91621
What are the prime factors of 124599?
3, 41, 1013
List the prime factors of 658454.
2, 71, 4637
What are the prime factors of 6060299?
7, 865757
What are the prime factors of 7588320?
2, 3, 5, 15809
List the prime factors of 660312.
2, 3, 1019
List the prime factors of 7902462.
2, 3, 461, 2857
What are the prime factors of 411758?
2, 205879
What are the prime factors of 5175470?
2, 5, 517547
What are the prime factors of 921033?
3, 102337
List the prime factors of 3274923.
3, 43, 53, 479
What are the prime factors of 17176461?
3, 479, 11953
What are the prime factors of 1066419?
3, 127, 311
What are the prime factors of 21747621?
3, 7, 337, 439
List the prime factors of 6704651.
79, 84869
List the prime factors of 1885338.
2, 3, 7, 13, 1151
What are the prime factors of 16317358?
2, 101, 80779
What are the prime factors of 655383?
3, 218461
List the prime factors of 1377704.
2, 172213
List the prime factors of 19588.
2, 59, 83
List the prime factors of 552595.
5, 29, 37, 103
List the prime factors of 125560.
2, 5, 43, 73
What are the prime factors of 13484693?
23, 586291
List the prime factors of 879819.
3, 23, 41, 311
List the prime factors of 465160.
2, 5, 29, 401
List the prime factors of 17773770.
2, 3, 5, 7, 107, 113
List the prime factors of 5062114.
2, 31, 81647
What are the prime factors of 2859140?
2, 5, 59, 2423
List the prime factors of 168707.
7, 11, 313
List the prime factors of 7293544.
2, 17, 53629
What are the prime factors of 2768171?
7, 395453
List the prime factors of 3455303.
3455303
List the prime factors of 39010.
2, 5, 47, 83
List the prime factors of 10016.
2, 313
What are the prime factors of 68901?
3, 7, 17, 193
List the prime factors of 125275.
5, 5011
What are the prime factors of 104718?
2, 3, 31, 563
What are the prime factors of 39462?
2, 3, 6577
List the prime factors of 161297.
101, 1597
List the prime factors of 4530671.
4530671
What are the prime factors of 3476121?
3, 11, 105337
What are the prime factors of 154941?
3, 51647
What are the prime factors of 26735021?
2833, 9437
What are the prime factors of 302628?
2, 3, 25219
What are the prime factors of 1558964?
2, 11, 3221
List the prime factors of 5027640.
2, 3, 5, 41897
List the prime factors of 553111.
13, 157, 271
List the prime factors of 1415258.
2, 13, 29, 1877
What are the prime factors of 54124?
2, 7, 1933
What are the prime factors of 1135065?
3, 5, 31, 2441
List the prime factors of 3784913.
11, 344083
List the prime factors of 4756708.
2, 11, 108107
What are the prime factors of 3281781?
3, 1093927
What are the prime factors of 177963?
3, 137, 433
List the prime factors of 988357.
988357
List the prime factors of 9481395.
3, 5, 7, 11, 8209
What are the prime factors of 20486271?
3, 13, 37, 14197
List the prime factors of 220994.
2, 47, 2351
What are the prime factors of 465293?
465293
What are the prime factors of 13191988?
2, 31, 191, 557
List the prime factors of 274661.
274661
What are the prime factors of 745677?
3, 29, 2857
What are the prime factors of 12386671?
11, 83, 13567
List the prime factors of 8539472.
2, 491, 1087
List the prime factors of 32674785.
3, 5, 11, 13, 15233
List the prime factors of 409760.
2, 5, 13, 197
List the prime factors of 3222510.
2, 3, 5, 163, 659
What are the prime factors of 14557781?
7, 19, 23, 4759
What are the prime factors of 213315?
3, 5, 14221
What are the prime factors of 682026?
2, 3, 71, 1601
What are the prime factors of 35141684?
2, 8785421
What are the prime factors of 7205173?
73, 89, 1109
List the prime factors of 138479.
11, 12589
List the prime factors of 3080243.
3080243
List the prime factors of 440240.
2, 5, 5503
List the prime factors of 143716.
2, 19, 31, 61
What are the prime factors of 1740035?
5, 11, 17, 1861
What are the prime factors of 239044?
2, 13, 4597
What are the prime factors of 1449879?
3, 17, 28429
List the prime factors of 308688.
2, 3, 59, 109
What are the prime factors of 210332?
2, 52583
What are the prime factors of 16134687?
3, 597581
What are the prime factors of 1435242?
2, 3, 17, 14071
List the prime factors of 116909.
13, 17, 23
What are the prime factors of 1326975?
3, 5, 13, 1361
List the prime factors of 10932756.
2, 3, 911063
List the prime factors of 550385.
5, 11, 10007
List the prime factors of 367966.
2, 251, 733
What are the prime factors of 4487432?
2, 560929
What are the prime factors of 593246?
2, 191, 1553
List the prime factors of 1821778.
2, 7, 130127
List the prime factors of 8196484.
2, 2049121